{"id":21,"date":"2023-04-18T22:01:37","date_gmt":"2023-04-18T20:01:37","guid":{"rendered":"http:\/\/yoga-inspirons.sc3pala1767.universe.wf\/index.php\/about-us\/"},"modified":"2026-02-13T09:22:27","modified_gmt":"2026-02-13T08:22:27","slug":"actu","status":"publish","type":"page","link":"https:\/\/yoga-inspirons.be\/index.php\/actu\/","title":{"rendered":"Actualit\u00e9s"},"content":{"rendered":"\n<div class=\"wp-block-group alignwide has-global-padding is-layout-constrained wp-block-group-is-layout-constrained\">\n<div class=\"wp-block-columns alignwide is-layout-flex wp-container-core-columns-is-layout-bf386162 wp-block-columns-is-layout-flex\" style=\"margin-top:0;margin-bottom:0;padding-top:var(--wp--preset--spacing--70);padding-bottom:var(--wp--preset--spacing--70)\">\n<div class=\"wp-block-column is-layout-flow wp-block-column-is-layout-flow\" style=\"flex-basis:13%\"><\/div>\n\n\n\n<div class=\"wp-block-column is-layout-flow wp-container-core-column-is-layout-119bc444 wp-block-column-is-layout-flow\">\n<h4 class=\"wp-block-heading has-text-align-center has-medium-font-size\" style=\"font-style:normal;font-weight:400;line-height:1.4\">Cours de yoga sur &nbsp;chaise \u00e0 la demande.<\/h4>\n\n\n\n<p class=\"has-text-align-center\">1\u00e8re s\u00e9ance au Caf\u00e9 Citoyen les Six Heures \u00e0 1457 Nil st Martin,  janvier 2026 ainsi qu\u2019au centre culturel de Perwez et au Centre Dopamine de Gembloux .&nbsp;<\/p>\n\n\n\n<div class=\"wp-block-columns is-layout-flex wp-container-core-columns-is-layout-28f84493 wp-block-columns-is-layout-flex\">\n<div class=\"wp-block-column is-layout-flow wp-block-column-is-layout-flow\">\n<figure class=\"wp-block-image size-full\"><img loading=\"lazy\" decoding=\"async\" width=\"480\" height=\"598\" src=\"https:\/\/yoga-inspirons.be\/wp-content\/uploads\/2026\/02\/IMG_6028.jpeg\" alt=\"\" class=\"wp-image-300\" srcset=\"https:\/\/yoga-inspirons.be\/wp-content\/uploads\/2026\/02\/IMG_6028.jpeg 480w, https:\/\/yoga-inspirons.be\/wp-content\/uploads\/2026\/02\/IMG_6028-241x300.jpeg 241w\" sizes=\"auto, (max-width: 480px) 100vw, 480px\" \/><\/figure>\n<\/div>\n\n\n\n<div class=\"wp-block-column is-layout-flow wp-block-column-is-layout-flow\">\n<figure class=\"wp-block-image size-full is-resized\"><img loading=\"lazy\" decoding=\"async\" width=\"480\" height=\"640\" src=\"https:\/\/yoga-inspirons.be\/wp-content\/uploads\/2026\/02\/IMG_6042-rotated.jpeg\" alt=\"\" class=\"wp-image-301\" style=\"aspect-ratio:0.7500079302141158;width:345px;height:auto\" srcset=\"https:\/\/yoga-inspirons.be\/wp-content\/uploads\/2026\/02\/IMG_6042-rotated.jpeg 480w, https:\/\/yoga-inspirons.be\/wp-content\/uploads\/2026\/02\/IMG_6042-225x300.jpeg 225w\" sizes=\"auto, (max-width: 480px) 100vw, 480px\" \/><\/figure>\n<\/div>\n<\/div>\n<\/div>\n\n\n\n<div class=\"wp-block-column is-layout-flow wp-block-column-is-layout-flow\" style=\"flex-basis:13%\"><\/div>\n<\/div>\n\n\n\n<div class=\"wp-block-columns alignwide is-layout-flex wp-container-core-columns-is-layout-bf386162 wp-block-columns-is-layout-flex\" style=\"margin-top:0;margin-bottom:0;padding-top:var(--wp--preset--spacing--70);padding-bottom:var(--wp--preset--spacing--70)\">\n<div class=\"wp-block-column is-layout-flow wp-block-column-is-layout-flow\" style=\"flex-basis:13%\"><\/div>\n\n\n\n<div class=\"wp-block-column is-layout-flow wp-container-core-column-is-layout-119bc444 wp-block-column-is-layout-flow\">\n<h4 class=\"wp-block-heading has-text-align-center has-medium-font-size\" style=\"font-style:normal;font-weight:400;line-height:1.4\">Reportage de canal Zoom \u00ab\u00a0L&rsquo;Art de respirer\u00a0\u00bb : une conf\u00e9rence spectacle<br>(10\/2023)<\/h4>\n<\/div>\n\n\n\n<div class=\"wp-block-column is-layout-flow wp-block-column-is-layout-flow\" style=\"flex-basis:13%\"><\/div>\n<\/div>\n\n\n\n<div class=\"wp-block-columns alignwide are-vertically-aligned-center is-layout-flex wp-container-core-columns-is-layout-b3657a4d wp-block-columns-is-layout-flex\" style=\"margin-top:0;margin-bottom:0;padding-top:0;padding-bottom:var(--wp--preset--spacing--70)\">\n<div class=\"wp-block-column is-vertically-aligned-center is-layout-flow wp-container-core-column-is-layout-f5bb311e wp-block-column-is-layout-flow\">\n<figure class=\"wp-block-video\"><video height=\"360\" style=\"aspect-ratio: 640 \/ 360;\" width=\"640\" controls src=\"http:\/\/yoga-inspirons.sc3pala1767.universe.wf\/wp-content\/uploads\/2023\/11\/confestacle.mp4\"><\/video><\/figure>\n<\/div>\n<\/div>\n<\/div>\n\n\n\n<div class=\"wp-block-group alignwide has-global-padding is-layout-constrained wp-block-group-is-layout-constrained\">\n<div class=\"wp-block-columns alignwide is-layout-flex wp-container-core-columns-is-layout-bf386162 wp-block-columns-is-layout-flex\" style=\"margin-top:0;margin-bottom:0;padding-top:var(--wp--preset--spacing--70);padding-bottom:var(--wp--preset--spacing--70)\">\n<div class=\"wp-block-column is-layout-flow wp-block-column-is-layout-flow\" style=\"flex-basis:13%\"><\/div>\n\n\n\n<div class=\"wp-block-column is-layout-flow wp-container-core-column-is-layout-119bc444 wp-block-column-is-layout-flow\">\n<h4 class=\"wp-block-heading has-text-align-center has-medium-font-size\" style=\"font-style:normal;font-weight:400;line-height:1.4\">Reportage de canal Zoom lors d\u2019une s\u00e9ance de yoga \u00e0 Walhain <br>(10\/2023)<\/h4>\n<\/div>\n\n\n\n<div class=\"wp-block-column is-layout-flow wp-block-column-is-layout-flow\" style=\"flex-basis:13%\"><\/div>\n<\/div>\n\n\n\n<div class=\"wp-block-columns alignwide are-vertically-aligned-center is-layout-flex wp-container-core-columns-is-layout-b3657a4d wp-block-columns-is-layout-flex\" style=\"margin-top:0;margin-bottom:0;padding-top:0;padding-bottom:var(--wp--preset--spacing--70)\">\n<div class=\"wp-block-column is-vertically-aligned-center is-layout-flow wp-container-core-column-is-layout-f5bb311e wp-block-column-is-layout-flow\">\n<figure class=\"wp-block-video\"><video controls src=\"http:\/\/www.canalzoom.com\/video\/AVC-CZO-042472_CC.mp4\"><\/video><\/figure>\n<\/div>\n<\/div>\n<\/div>\n\n\n\n<div class=\"wp-block-group alignwide has-global-padding is-layout-constrained wp-block-group-is-layout-constrained\">\n<div class=\"wp-block-columns alignwide is-layout-flex wp-container-core-columns-is-layout-bf386162 wp-block-columns-is-layout-flex\" style=\"margin-top:0;margin-bottom:0;padding-top:var(--wp--preset--spacing--70);padding-bottom:var(--wp--preset--spacing--70)\">\n<div class=\"wp-block-column is-layout-flow wp-block-column-is-layout-flow\" style=\"flex-basis:13%\"><\/div>\n\n\n\n<div class=\"wp-block-column is-layout-flow wp-container-core-column-is-layout-119bc444 wp-block-column-is-layout-flow\">\n<h5 class=\"wp-block-heading has-text-align-center has-medium-font-size\" style=\"font-style:normal;font-weight:400\">Enregistrement d\u2019un livre CD de David Dewulf <br>\u00ab&nbsp;Mindfulness, la pleine conscience pour les enfants&nbsp;\u00bb <br>publi\u00e9s aux \u00e9ditions De Boeck (2015) et d\u2019un autre livre CD en 2018.<\/h5>\n<\/div>\n\n\n\n<div class=\"wp-block-column is-layout-flow wp-block-column-is-layout-flow\" style=\"flex-basis:13%\"><\/div>\n<\/div>\n\n\n\n<div class=\"wp-block-columns alignwide are-vertically-aligned-center is-layout-flex wp-container-core-columns-is-layout-b3657a4d wp-block-columns-is-layout-flex\" style=\"margin-top:0;margin-bottom:0;padding-top:0;padding-bottom:var(--wp--preset--spacing--70)\">\n<div class=\"wp-block-column is-vertically-aligned-center is-layout-flow wp-container-core-column-is-layout-f5bb311e wp-block-column-is-layout-flow\">\n<p>La respiration et les bruits<\/p>\n\n\n\n<figure class=\"wp-block-audio\"><audio controls src=\"http:\/\/yoga-inspirons.sc3pala1767.universe.wf\/wp-content\/uploads\/2023\/05\/01-La-respiration-et-les-bruits.mp3\"><\/audio><\/figure>\n\n\n\n<p>Le body scan pour les plus grands<\/p>\n\n\n\n<figure class=\"wp-block-audio\"><audio controls src=\"http:\/\/yoga-inspirons.sc3pala1767.universe.wf\/wp-content\/uploads\/2023\/05\/04-Le-body-scan-pour-les-plus-grands.mp3\"><\/audio><\/figure>\n<\/div>\n<\/div>\n<\/div>\n","protected":false},"excerpt":{"rendered":"<p>Cours de yoga sur &nbsp;chaise \u00e0 la demande. 1\u00e8re s\u00e9ance au Caf\u00e9 Citoyen les Six Heures \u00e0 1457 Nil st Martin, janvier 2026 ainsi qu\u2019au centre culturel de Perwez et au Centre Dopamine de Gembloux .&nbsp; Reportage de canal Zoom \u00ab\u00a0L&rsquo;Art de respirer\u00a0\u00bb : une conf\u00e9rence spectacle(10\/2023) Reportage de canal Zoom lors d\u2019une s\u00e9ance de [&hellip;]<\/p>\n","protected":false},"author":1,"featured_media":0,"parent":0,"menu_order":0,"comment_status":"closed","ping_status":"closed","template":"page-without-title","meta":{"footnotes":""},"class_list":["post-21","page","type-page","status-publish","hentry"],"_links":{"self":[{"href":"https:\/\/yoga-inspirons.be\/index.php\/wp-json\/wp\/v2\/pages\/21","targetHints":{"allow":["GET"]}}],"collection":[{"href":"https:\/\/yoga-inspirons.be\/index.php\/wp-json\/wp\/v2\/pages"}],"about":[{"href":"https:\/\/yoga-inspirons.be\/index.php\/wp-json\/wp\/v2\/types\/page"}],"author":[{"embeddable":true,"href":"https:\/\/yoga-inspirons.be\/index.php\/wp-json\/wp\/v2\/users\/1"}],"replies":[{"embeddable":true,"href":"https:\/\/yoga-inspirons.be\/index.php\/wp-json\/wp\/v2\/comments?post=21"}],"version-history":[{"count":13,"href":"https:\/\/yoga-inspirons.be\/index.php\/wp-json\/wp\/v2\/pages\/21\/revisions"}],"predecessor-version":[{"id":304,"href":"https:\/\/yoga-inspirons.be\/index.php\/wp-json\/wp\/v2\/pages\/21\/revisions\/304"}],"wp:attachment":[{"href":"https:\/\/yoga-inspirons.be\/index.php\/wp-json\/wp\/v2\/media?parent=21"}],"curies":[{"name":"wp","href":"https:\/\/api.w.org\/{rel}","templated":true}]}}

Actualités

<div class="wp-block-group alignwide has-global-padding is-layout-constrained wp-block-group-is-layout-constrained">
<div class="wp-block-columns alignwide is-layout-flex wp-container-core-columns-is-layout-bf386162 wp-block-columns-is-layout-flex" style="margin-top:0;margin-bottom:0;padding-top:var(--wp--preset--spacing--70);padding-bottom:var(--wp--preset--spacing--70)">
<div class="wp-block-column is-layout-flow wp-block-column-is-layout-flow" style="flex-basis:13%"></div>



<div class="wp-block-column is-layout-flow wp-container-core-column-is-layout-119bc444 wp-block-column-is-layout-flow">
<h4 class="wp-block-heading has-text-align-center has-medium-font-size" style="font-style:normal;font-weight:400;line-height:1.4">Cours de yoga sur &nbsp;chaise à la demande.</h4>



<p class="has-text-align-center">1ère séance au Café Citoyen les Six Heures à 1457 Nil st Martin,  janvier 2026 ainsi qu’au centre culturel de Perwez et au Centre Dopamine de Gembloux .&nbsp;</p>



<div class="wp-block-columns is-layout-flex wp-container-core-columns-is-layout-28f84493 wp-block-columns-is-layout-flex">
<div class="wp-block-column is-layout-flow wp-block-column-is-layout-flow">
<figure class="wp-block-image size-full"><img loading="lazy" decoding="async" width="480" height="598" src="https://yoga-inspirons.be/wp-content/uploads/2026/02/IMG_6028.jpeg" alt="" class="wp-image-300" srcset="https://yoga-inspirons.be/wp-content/uploads/2026/02/IMG_6028.jpeg 480w, https://yoga-inspirons.be/wp-content/uploads/2026/02/IMG_6028-241x300.jpeg 241w" sizes="auto, (max-width: 480px) 100vw, 480px" /></figure>
</div>



<div class="wp-block-column is-layout-flow wp-block-column-is-layout-flow">
<figure class="wp-block-image size-full is-resized"><img loading="lazy" decoding="async" width="480" height="640" src="https://yoga-inspirons.be/wp-content/uploads/2026/02/IMG_6042-rotated.jpeg" alt="" class="wp-image-301" style="aspect-ratio:0.7500079302141158;width:345px;height:auto" srcset="https://yoga-inspirons.be/wp-content/uploads/2026/02/IMG_6042-rotated.jpeg 480w, https://yoga-inspirons.be/wp-content/uploads/2026/02/IMG_6042-225x300.jpeg 225w" sizes="auto, (max-width: 480px) 100vw, 480px" /></figure>
</div>
</div>
</div>



<div class="wp-block-column is-layout-flow wp-block-column-is-layout-flow" style="flex-basis:13%"></div>
</div>



<div class="wp-block-columns alignwide is-layout-flex wp-container-core-columns-is-layout-bf386162 wp-block-columns-is-layout-flex" style="margin-top:0;margin-bottom:0;padding-top:var(--wp--preset--spacing--70);padding-bottom:var(--wp--preset--spacing--70)">
<div class="wp-block-column is-layout-flow wp-block-column-is-layout-flow" style="flex-basis:13%"></div>



<div class="wp-block-column is-layout-flow wp-container-core-column-is-layout-119bc444 wp-block-column-is-layout-flow">
<h4 class="wp-block-heading has-text-align-center has-medium-font-size" style="font-style:normal;font-weight:400;line-height:1.4">Reportage de canal Zoom « L&rsquo;Art de respirer » : une conférence spectacle<br>(10/2023)</h4>
</div>



<div class="wp-block-column is-layout-flow wp-block-column-is-layout-flow" style="flex-basis:13%"></div>
</div>



<div class="wp-block-columns alignwide are-vertically-aligned-center is-layout-flex wp-container-core-columns-is-layout-b3657a4d wp-block-columns-is-layout-flex" style="margin-top:0;margin-bottom:0;padding-top:0;padding-bottom:var(--wp--preset--spacing--70)">
<div class="wp-block-column is-vertically-aligned-center is-layout-flow wp-container-core-column-is-layout-f5bb311e wp-block-column-is-layout-flow">
<figure class="wp-block-video"><video height="360" style="aspect-ratio: 640 / 360;" width="640" controls src="http://yoga-inspirons.sc3pala1767.universe.wf/wp-content/uploads/2023/11/confestacle.mp4"></video></figure>
</div>
</div>
</div>



<div class="wp-block-group alignwide has-global-padding is-layout-constrained wp-block-group-is-layout-constrained">
<div class="wp-block-columns alignwide is-layout-flex wp-container-core-columns-is-layout-bf386162 wp-block-columns-is-layout-flex" style="margin-top:0;margin-bottom:0;padding-top:var(--wp--preset--spacing--70);padding-bottom:var(--wp--preset--spacing--70)">
<div class="wp-block-column is-layout-flow wp-block-column-is-layout-flow" style="flex-basis:13%"></div>



<div class="wp-block-column is-layout-flow wp-container-core-column-is-layout-119bc444 wp-block-column-is-layout-flow">
<h4 class="wp-block-heading has-text-align-center has-medium-font-size" style="font-style:normal;font-weight:400;line-height:1.4">Reportage de canal Zoom lors d’une séance de yoga à Walhain <br>(10/2023)</h4>
</div>



<div class="wp-block-column is-layout-flow wp-block-column-is-layout-flow" style="flex-basis:13%"></div>
</div>



<div class="wp-block-columns alignwide are-vertically-aligned-center is-layout-flex wp-container-core-columns-is-layout-b3657a4d wp-block-columns-is-layout-flex" style="margin-top:0;margin-bottom:0;padding-top:0;padding-bottom:var(--wp--preset--spacing--70)">
<div class="wp-block-column is-vertically-aligned-center is-layout-flow wp-container-core-column-is-layout-f5bb311e wp-block-column-is-layout-flow">
<figure class="wp-block-video"><video controls src="http://www.canalzoom.com/video/AVC-CZO-042472_CC.mp4"></video></figure>
</div>
</div>
</div>



<div class="wp-block-group alignwide has-global-padding is-layout-constrained wp-block-group-is-layout-constrained">
<div class="wp-block-columns alignwide is-layout-flex wp-container-core-columns-is-layout-bf386162 wp-block-columns-is-layout-flex" style="margin-top:0;margin-bottom:0;padding-top:var(--wp--preset--spacing--70);padding-bottom:var(--wp--preset--spacing--70)">
<div class="wp-block-column is-layout-flow wp-block-column-is-layout-flow" style="flex-basis:13%"></div>



<div class="wp-block-column is-layout-flow wp-container-core-column-is-layout-119bc444 wp-block-column-is-layout-flow">
<h5 class="wp-block-heading has-text-align-center has-medium-font-size" style="font-style:normal;font-weight:400">Enregistrement d’un livre CD de David Dewulf <br>«&nbsp;Mindfulness, la pleine conscience pour les enfants&nbsp;» <br>publiés aux éditions De Boeck (2015) et d’un autre livre CD en 2018.</h5>
</div>



<div class="wp-block-column is-layout-flow wp-block-column-is-layout-flow" style="flex-basis:13%"></div>
</div>



<div class="wp-block-columns alignwide are-vertically-aligned-center is-layout-flex wp-container-core-columns-is-layout-b3657a4d wp-block-columns-is-layout-flex" style="margin-top:0;margin-bottom:0;padding-top:0;padding-bottom:var(--wp--preset--spacing--70)">
<div class="wp-block-column is-vertically-aligned-center is-layout-flow wp-container-core-column-is-layout-f5bb311e wp-block-column-is-layout-flow">
<p>La respiration et les bruits</p>



<figure class="wp-block-audio"><audio controls src="http://yoga-inspirons.sc3pala1767.universe.wf/wp-content/uploads/2023/05/01-La-respiration-et-les-bruits.mp3"></audio></figure>



<p>Le body scan pour les plus grands</p>



<figure class="wp-block-audio"><audio controls src="http://yoga-inspirons.sc3pala1767.universe.wf/wp-content/uploads/2023/05/04-Le-body-scan-pour-les-plus-grands.mp3"></audio></figure>
</div>
</div>
</div>

<p>Cours de yoga sur &nbsp;chaise à la demande. 1ère séance au Café Citoyen les Six Heures à 1457 Nil st Martin, janvier 2026 ainsi qu’au centre culturel de Perwez et au Centre Dopamine de Gembloux .&nbsp; Reportage de canal Zoom « L&rsquo;Art de respirer » : une conférence spectacle(10/2023) Reportage de canal Zoom lors d’une séance de [&hellip;]</p>
